= 11523*b + 3456884. Give j(-300).
-16
Let a(q) = 512*q - 10739. Determine a(26).
2573
Let q(b) = -12*b**2 + 1536*b - 5997. Determine q(4).
-45
Let t(k) = -491*k**2 - 10786*k + 149. Calculate t(-22).
-203
Let u(o) = o**2 + 164*o + 6208. Calculate u(-57).
109
Let c(k) = 2*k**3 + 516*k**2 - 1023*k + 4432. Determine c(-260).
12
Let i(c) = -24*c**3 - 2*c**2 + 358*c - 1443. Give i(4).
-1579
Let t(p) = 4071*p + 818244. Determine t(-201).
-27
Let l(r) = -890525*r - 4452618. Determine l(-5).
7
Let g(s) = 6980*s - 3364290. What is g(482)?
70
Let p(u) = u**2 - 5116*u + 45945. Determine p(9).
-18
Let o(v) = -852*v + 8527. Give o(10).
7
Let w(z) = -3*z**3 + 2197*z**2 - 2990*z + 48250. Give w(731).
4
Let y(h) = 96*h - 9749. Calculate y(101).
-53
Let v(d) = 72*d + 1451. What is v(-19)?
83
Let t(p) = -7631*p - 480645. Give t(-63).
108
Let p(s) = -56*s**2 + 1247*s - 1500. What is p(21)?
-9
Let f(o) = 2*o**3 - 765*o**2 - 20801*o - 2424. Give f(408).
432
Let l(r) = -60543*r - 908134. Give l(-15).
11
Let c(b) = b**3 + 101*b**2 - 1109*b - 102723. What is c(-102)?
-9
Let r(n) = 2018*n + 23974. Give r(-12).
-242
Let c(b) = -6264*b - 6095. Calculate c(-1).
169
Let j(p) = p**3 + 19*p**2 - 149*p + 313. Calculate j(-26).
-545
Let d(n) = -22*n**2 + 192*n - 1890. What is d(11)?
-2440
Let r(m) = -250*m**2 + 868*m. Give r(2).
736
Let r(n) = -496*n - 43146. Calculate r(-87).
6
Let b(p) = -6395*p + 57656. Calculate b(9).
101
Let c(f) = 17*f**3 + 8*f**2 - 48*f - 179. Determine c(-3).
-422
Let c(a) = -23083*a - 601022. Calculate c(-26).
-864
Let o(c) = 616*c**2 + 109029*c - 483. Determine o(-177).
48
Let z(f) = f**2 - 14*f - 1950. Determine z(-37).
-63
Let r(n) = -40*n**2 + 20*n + 3. Calculate r(2).
-117
Let s(k) = 707*k - 2144. Calculate s(3).
-23
Let r(j) = j**3 - 274*j**2 - 10140*j + 2758. Give r(307).
-5
Let z(b) = 2*b**3 - 42*b**2 + 867*b - 18303. Give z(21).
-96
Let p(c) = -7*c**2 - 90*c + 946. What is p(-22)?
-462
Let u(k) = -5509*k + 55092. Calculate u(10).
2
Let b(m) = 3991*m**2 - 19952*m - 21. Determine b(5).
-6
Let k(o) = o**3 - 388*o**2 - 310*o - 183300. Determine k(390).
0
Let u(b) = -7*b**2 + 235*b + 54. Determine u(39).
-1428
Let g(n) = 9*n**3 + 253*n**2 + 6*n - 606. Give g(-28).
10
Let o(b) = -11*b**2 + 1949*b - 73312. What is o(123)?
-4
Let b(r) = 175758*r - 3690852. Calculate b(21).
66
Let h(o) = -177*o + 315. Calculate h(3).
-216
Let a(h) = -3*h**2 - 79*h - 39. What is a(-34)?
-821
Let r(g) = 35*g**2 + 103*g + 327. Calculate r(-5).
687
Let l(o) = 116*o - 2018. Determine l(8).
-1090
Let i(b) = 23*b**2 - 323*b - 204. What is i(15)?
126
Let h(g) = 6*g**2 + 16*g - 386. Determine h(11).
516
Let x(w) = 10*w**3 + 6*w**2 - 22*w - 24. What is x(-5)?
-1014
Let j(d) = -2139082*d + 2139077. Give j(1).
-5
Let b(h) = 5*h**3 + 28*h**2 + 9*h. Determine b(-5).
30
Let f(v) = 9*v**2 - 51338*v + 102654. What is f(2)?
14
Let q(f) = f**3 - 283*f**2 + 762*f + 21863. Calculate q(280).
23
Let w(j) = 1860*j - 481663. Determine w(259).
77
Let z(j) = 2516*j - 35224. Determine z(14).
0
Let r(h) = 148925*h + 893562. What is r(-6)?
12
Let n(j) = -10*j**2 - 864*j - 1157. What is n(-85)?
33
Let r(l) = l**2 + 346*l - 13901. Calculate r(34).
-981
Let w(h) = -3*h**3 + 13*h**2 - 46*h + 752. Calculate w(11).
-2174
Let h(g) = -2*g**3 + 552*g**2 + 1235*g - 34204. Determine h(278).
-10
Let d(z) = -1878*z + 127718. Determine d(68).
14
Let z(q) = 3*q**3 - 74*q**2 + 205*q - 2145. What is z(23)?
-75
Let n(m) = -m**3 + 64*m**2 + 27894*m + 2509. Calculate n(-138).
25
Let d(p) = -6*p**3 + 7092*p**2 - 159*p + 187938. Give d(1182).
0
Let v(x) = 2766*x**2 + 16603*x + 56. What is v(-6)?
14
Let v(a) = 2*a**2 - 45*a - 6130. Give v(66).
-388
Let j(v) = 3*v**3 - 290*v**2 - 686*v - 639. Calculate j(99).
54
Let d(c) = -12*c**3 + 15*c**2 + 95*c - 113. Determine d(3).
-17
Let s(u) = 2*u**3 - 22238*u**2 + 111154*u + 7. Give s(5).
77
Let p(d) = -d**3 + 70*d**2 - 117*d - 1080. Give p(68).
212
Let t(i) = 4*i**2 + 5956*i + 209232. Give t(-36).
0
Let a(x) = -46*x**2 + 3316*x - 181. What is a(72)?
107
Let w(h) = 8*h**3 - 3906*h**2 + 992*h - 7836. Determine w(488).
-28
Let a(v) = v**2 - 10*v - 823. Give a(-24).
-7
Let u(h) = 43*h - 4927. Calculate u(90).
-1057
Let d(n) = -3334*n + 16423. Give d(5).
-247
Let c(r) = 499*r**2 + 263*r + 90. What is c(-2)?
1560
Let s(o) = 3613*o - 14436. What is s(4)?
16
Let d(b) = b**3 + 173*b**2 - 174*b - 260. Calculate d(-174).
-260
Let a(b) = 308*b - 49191. Give a(158).
-527
Let d(v) = -v**3 + 9215*v**2 + 129207*v + 12. Give d(-14).
-2
Let y(p) = -12*p**3 + 389*p**2 - 130*p - 957. Give y(32).
3
Let w(v) = -2532*v**3 - v**2 + 2*v - 2. Give w(1).
-2533
Let x(s) = -5654*s + 7186194. Calculate x(1271).
-40
Let g(o) = 100*o + 6641. What is g(-65)?
141
Let y(l) = -2*l**3 + 519*l**2 - 6*l - 49. What is y(0)?
-49
Let t(u) = -17*u**3 - 114*u**2 + 18*u + 13. Calculate t(-6).
-527
Let j(x) = -2675*x + 53590. Calculate j(20).
90
Let l(y) = -2*y**3 - 10*y**2 + 206*y - 153. Calculate l(6).
291
Let f(m) = -6*m**2 + 26*m - 232. Determine f(-13).
-1584
Let k(c) = 2374*c - 6593. Calculate k(3).
529
Let r(c) = 26*c - 58. Calculate r(3).
20
Let x(j) = j**3 - 691*j**2 + 47183*j + 58323. Determine x(614).
-7
Let y(u) = 45*u**2 + 1561*u + 107. Calculate y(-33).
-2401
Let h(d) = d**3 - 62*d + 170. What is h(4)?
-14
Let v(q) = 2788*q + 209060. Calculate v(-75).
-40
Let b(g) = g**3 + 22*g**2 - 5*g - 483. Determine b(-14).
1155
Let r(g) = -g**3 + 1636*g**2 + 16569*g - 179418. Calculate r(1646).
-4
Let y(l) = l**3 - 148*l**2 + 4029*l + 363. Determine y(112).
27
Let u(p) = 4056*p - 381287. Calculate u(94).
-23
Let r(n) = -n**3 - 150*n**2 - 827*n - 171843. What is r(-152)?
69
Let s(c) = 7*c**2 - 982*c + 7405. Calculate s(8).
-3
Let s(l) = 274*l + 1885. Calculate s(-5).
515
Let t(s) = -2*s**3 + 159*s**2 + 201*s - 22117. Determine t(79).
3
Let d(y) = y**3 - 13*y**2 - 16*y - 176. Determine d(16).
336
Let l(m) = -428*m**2 + 9042*m + 68. What is l(21)?
1202
Let d(p) = 4*p + 85. Calculate d(103).
497
Let t(s) = -s**2 + 555*s - 76389. Calculate t(304).
-85
Let u(y) = -y**2 - 1665*y + 47193. Calculate u(28).
-211
Let j(b) = -3*b**3 - 684*b**2 - 67*b - 15302. What is j(-228)?
-26
Let g(y) = 11*y**2 + 63*y - 453. What is g(0)?
-453
Let o(d) = 3*d**3 - 228*d**2 + 811*d - 43957. What is o(75)?
-7
Let k(m) = 918*m**2 - 2680*m - 221. Give k(3).
1
Let m(x) = -x**2 - 1200*x - 67269. What is m(-59)?
50
Let u(j) = -3*j**2 - 799*j + 10017. What is u(12)?
-3
Let f(k) = 9102*k - 100122. Give f(11).
0
Let m(k) = -13*k**2 + 250*k + 5927. Determine m(33).
20
Let z(c) = -7*c**3 + 7*c - 2. Calculate z(3).
-170
Let j(u) = 12*u**2 - 329*u + 1923. What is j(11)?
-244
Let p(l) = -25*l**2 - 530*l + 13568. What is p(15)?
-7
Let o(r) = r**3 - 4*r**2 + 1484*r - 8814. Calculate o(6).
162
Let t(s) = -s**3 - 444*s**2 + 15703*s + 224173. Calculate t(-476).
-23
Let b(a) = -a**3 + 841*a**2 - 17225*a + 93. Calculate b(21).
-12
Let k(n) = 15*n**2 + 1105*n + 6088. Determine k(-6).
-2
Let p(q) = 43*q**2 + 415*q + 9. Calculate p(-9).
-243
Let z(d) = -2*d**2 + 33*d + 324. What is z(22)?
82
Let y(b) = 39*b**2 + 2129*b - 850. Give y(-55).
30
Let t(i) = -i**3 - 36*i**2 + 10739*i + 377116. What is t(-35)?
26
Let g(o) = 18587*o - 167277. Calculate g(9).
6
Let c(s) = -2134*s**2 + 102*s + 99. What is c(-1)?
-2137
Let k(g) = 6*g**3 + 239*g**2 - 46*g - 230. What is k(-40)?
10
Let x(z) = -170359*z - 21805950. Determine x(-128).
2
Let l(n) = -30446*n + 304474. What is l(10)?
14
Let u(i) = i**3 + 30*i**2 - 121*i + 61. Calculate u(3).
-5
Let c(v) = 7817*v + 7613759. Determine c(-974).
1
Let h(r) = r**3 + 40*r**2 - 1692*r - 15361. What is h(-63)?
-52
Let v(t) = -1320*t + 366954. Calculate v(278).
-6
Let u(t) = t**3 + 41*t**2 - 17*t - 219. Give u(-42).
-1269
Let c(v) = -45*v**3 + 168*v**2 - 11*v + 73. Determine c(4).
-163
Let q(t) = 1739*t + 7182. What is q(-4)?
226
Let s(p) = 175*p - 1072. Calculate s(7).
153
Let n(w) = 4894*w + 44078. Give n(-9).
32
Let y(k) = -3*k**2 + 1613*k - 5875. Determine y(534).
-1
Let w(i) = -61768*i + 5867959. Determine w(95).
-1
Let n(q) = -q**3 - 128*q**2 + 3293*q - 1050. Calculate n(-150).
0
Let z(c) = 10308*c - 51545. Determine z(5).
-5
Let k(g) = -154*g**2 + 3079*g - 11533. Give k(5).
12
Let s(p) = 60*p**2 - 1023*p + 306. Give s(17).
255
Let p(